{"id":19681,"date":"2024-11-22T09:17:05","date_gmt":"2024-11-22T09:17:05","guid":{"rendered":"https:\/\/www.caffefadi.it\/?post_type=product&#038;p=19681"},"modified":"2025-07-24T10:49:41","modified_gmt":"2025-07-24T09:49:41","slug":"biologico-in-grani","status":"publish","type":"product","link":"https:\/\/www.caffefadi.it\/?product=biologico-in-grani","title":{"rendered":"Biologico in grani"},"content":{"rendered":"<h2>Caff\u00e8 Biologico in Grani Caff\u00e8 Fadi: Un viaggio sensoriale tra gusto, qualit\u00e0 e sostenibilit\u00e0<\/h2>\n<p>Assapora la purezza della natura con il Caff\u00e8 Biologico in Grani di Caff\u00e8 Fadi, una miscela di caff\u00e8 arabica centroamericani, africani e asiatici coltivati senza l\u2019uso di sostanze chimiche, per un\u2019esperienza autentica e sostenibile. Il suo profilo aromatico \u00e8 un invito a un viaggio sensoriale: al primo assaggio scoprirai un gusto dolce e avvolgente, con una consistenza morbida e vellutata. Le note di frutta, cioccolato fondente e nocciola si uniscono a un sentore di vaniglia e un pizzico di spezie, offrendo un equilibrio perfetto. Una scelta raffinata per chi desidera un caff\u00e8 di qualit\u00e0 e biologico, dal sapore autentico e rispettoso dell\u2019ambiente.<\/p>\n","protected":false},"excerpt":{"rendered":"<p>Il Caff\u00e8 Biologico in Grani di <a href=\"https:\/\/www.facebook.com\/CaffeFadi\">Caff\u00e8 Fadi<\/a>, realizzato con pregiati arabica di origine centroamericana, africana e asiatica, offre un&#8217;esperienza autentica e sostenibile grazie alla coltivazione senza sostanze chimiche. Con un profilo aromatico equilibrato e avvolgente, combina note di frutta, cioccolato fondente, nocciola, vaniglia e spezie, per un gusto dolce e raffinato che rispetta l\u2019ambiente.<\/p>\n<p> <a class=\"more-link\" href=\"https:\/\/www.caffefadi.it\/?product=biologico-in-grani\">Leggi tutto<\/a><\/p>","protected":false},"featured_media":19682,"comment_status":"open","ping_status":"closed","template":"","meta":[],"product_brand":[],"product_cat":[156,154],"product_tag":[161,164],"class_list":{"0":"post-19681","1":"product","2":"type-product","3":"status-publish","4":"has-post-thumbnail","6":"product_cat-caffe-biologico","7":"product_cat-caffe-in-grani","8":"product_tag-biologico","9":"product_tag-grani","11":"first","12":"outofstock","13":"taxable","14":"shipping-taxable","15":"purchasable","16":"product-type-simple"},"_links":{"self":[{"href":"https:\/\/www.caffefadi.it\/index.php?rest_route=\/wp\/v2\/product\/19681","targetHints":{"allow":["GET"]}}],"collection":[{"href":"https:\/\/www.caffefadi.it\/index.php?rest_route=\/wp\/v2\/product"}],"about":[{"href":"https:\/\/www.caffefadi.it\/index.php?rest_route=\/wp\/v2\/types\/product"}],"replies":[{"embeddable":true,"href":"https:\/\/www.caffefadi.it\/index.php?rest_route=%2Fwp%2Fv2%2Fcomments&post=19681"}],"version-history":[{"count":2,"href":"https:\/\/www.caffefadi.it\/index.php?rest_route=\/wp\/v2\/product\/19681\/revisions"}],"predecessor-version":[{"id":24237,"href":"https:\/\/www.caffefadi.it\/index.php?rest_route=\/wp\/v2\/product\/19681\/revisions\/24237"}],"wp:featuredmedia":[{"embeddable":true,"href":"https:\/\/www.caffefadi.it\/index.php?rest_route=\/wp\/v2\/media\/19682"}],"wp:attachment":[{"href":"https:\/\/www.caffefadi.it\/index.php?rest_route=%2Fwp%2Fv2%2Fmedia&parent=19681"}],"wp:term":[{"taxonomy":"product_brand","embeddable":true,"href":"https:\/\/www.caffefadi.it\/index.php?rest_route=%2Fwp%2Fv2%2Fproduct_brand&post=19681"},{"taxonomy":"product_cat","embeddable":true,"href":"https:\/\/www.caffefadi.it\/index.php?rest_route=%2Fwp%2Fv2%2Fproduct_cat&post=19681"},{"taxonomy":"product_tag","embeddable":true,"href":"https:\/\/www.caffefadi.it\/index.php?rest_route=%2Fwp%2Fv2%2Fproduct_tag&post=19681"}],"curies":[{"name":"wp","href":"https:\/\/api.w.org\/{rel}","templated":true}]}}